39 = 4*q - 3*o + 40. Let u = q + 40. List the prime factors of u.
3, 7
Suppose 0 = h + 3*n + 6, 4*h + 5*n + 1 = -2. Suppose 15 = a + 2*x, h*x + 2*x = 0. List the prime factors of a.
3, 5
Let w(r) be the first derivative of -3*r**2/2 - 7*r + 2. Suppose 30 = -3*j - 3*f, 0 = 5*f - 3*f + 8. List the prime factors of w(j).
11
Let s(i) = -i**3 + 2*i**2 + 3*i. Suppose 0 = 2*u - 0*u + 4. What are the prime factors of s(u)?
2, 5
Suppose 4*t - l = 104 - 3, 2*l = 2*t - 46. List the prime factors of t.
2, 13
Let l = 5 - 1. Suppose c - 30 = -l*c. What are the prime factors of c?
2, 3
List the prime factors of 55 + (5 - 4) + 1 + 2.
59
Suppose 4*u + 5*z - 79 = 0, 4*u + u + 2*z = 120. Suppose -2*k + u = -16. What are the prime factors of k?
3, 7
Suppose 37 + 38 = 3*v - 3*u, 2*v = -u + 59. Suppose 35 = 5*m - 4*r, -4*r + v = 3*m + m. List the prime factors of m.
7
Suppose -5*r = 10, 2*x - 3*x - 1 = r. Let w = 2 + x. What are the prime factors of w?
3
Let l(f) = f**3 - 26*f**2 + 5*f - 62. List the prime factors of l(26).
2, 17
Suppose 3*o = 4*x + 57, -2*o - x + 38 = 4*x. Suppose u + 2 = 0, -5*u - 35 - 31 = -2*t. Let n = t - o. What are the prime factors of n?
3
Let z(t) = -t**3 + t**2 - 6. Let v be z(0). Let n = v + -8. Let a = 20 + n. What are the prime factors of a?
2, 3
Let u(c) = -c + 1. Let j(w) = 5*w**2 + 7*w + 5. Let i(h) = 4*h**2 + 7*h + 4. Let q(z) = 4*i(z) - 3*j(z). Let f be q(-6). What are the prime factors of u(f)?
2, 3
Let p be 21/(2*(-3)/6). Let a = p - -34. Let v = 22 - a. List the prime factors of v.
3
Suppose -2*g = g - 162. List the prime factors of g.
2, 3
Suppose -2*h = 5*b - 980, 75 = b - 3*h - 104. List the prime factors of b.
2, 97
Let j(i) = -i**2 + 5*i + 4. Let v be j(5). Suppose 2*f - v = f. Suppose 4*y - 56 = -4*x, -y + 38 = 5*x - f*y. List the prime factors of x.
2, 5
List the prime factors of 9/((-135)/(-2886)) + 2/(-5).
2, 3
Suppose 0*y + 7 = q - 4*y, 0 = 2*q - 5*y - 11. What are the prime factors of 16/q + (-4)/(-6)?
2, 3
Suppose 4*l - 2*y - 28 = -0*l, 0 = -4*l - y + 34. Suppose -33 = -2*c + 5*x, -2*c + 15 = 5*x - l. List the prime factors of c.
2, 7
Suppose 0*k + 722 = 3*k + 2*r, k - 264 = 4*r. What are the prime factors of k?
2, 61
Suppose 0 = 4*z - 22 - 2. Let t be 145/(-15) + (-2)/z. Let b = -6 - t. List the prime factors of b.
2
Let p(r) = -7*r + 8. Let b(a) = -3*a + 4. Let z(n) = -5*b(n) + 2*p(n). Let m be z(4). Suppose 7*x - 3*x - 36 = m. List the prime factors of x.
3
Let h(f) = 90*f - 13. List the prime factors of h(3).
257
Let y = -24 + 41. Let b = y + -8. What are the prime factors of b?
3
Let z(s) = s**3 + 7*s**2 + 6*s - 8. Let d be z(-6). List the prime factors of d/(-48) + (-118)/(-12).
2, 5
Let o = 18 - 16. Suppose -o*u + 22 + 36 = 0. List the prime factors of u.
29
Let v(l) = -l**3 + 7*l**2 + 4*l - 6. List the prime factors of v(4).
2, 29
Let k = 117 - 38. What are the prime factors of k?
79
Let a(g) = -g**2 - 13*g + 38. List the prime factors of a(-11).
2, 3, 5
Let h be (2/(-2))/(3/123). Let o = 83 + h. List the prime factors of o.
2, 3, 7
Suppose -5*p + 2027 = -m, -4*p + 1502 = 3*m - 131. What are the prime factors of p?
2, 7, 29
Suppose -5*l = -n + 113, 5*n - 6*l - 485 = -l. What are the prime factors of n?
3, 31
Let t(r) = -2*r - 13. Let d be t(-9). Suppose n + d = 2*n. What are the prime factors of n?
5
Suppose 5*a = 24 + 121. Suppose 0 = -2*l - c + a, 3*c + 2*c - 15 = 0. List the prime factors of l.
13
Let x(m) = -3*m**2 - 4 + m**3 + 0 - 2*m + 2. What are the prime factors of x(4)?
2, 3
Let d(s) = 56*s**2 - 4*s - 3. What are the prime factors of d(-1)?
3, 19
Let t(c) = -2 + 0*c**2 + c + 9*c + 4 - c**2. List the prime factors of t(10).
2
Let q = -99 - -160. List the prime factors of q.
61
Let u(o) = -2*o - 7. Let b(z) = 1. Let n(m) = 6*b(m) - u(m). What are the prime factors of n(15)?
43
Suppose 1 = -4*s + 5, -4*v - 2*s = -202. Let n = v - 26. What are the prime factors of n?
2, 3
Let h(r) = 2*r**3 - 3*r**2 - 2*r - 4. Let j be h(3). Suppose 5*l - j = m - 3*m, 3*m + 22 = 2*l. Suppose 44 = l*x - 21. List the prime factors of x.
13
Suppose -2*m + 2 = -8. Suppose 15 + 17 = 2*u - 5*o, -59 = -m*u + 2*o. List the prime factors of u.
11
Let d be ((-31)/3)/(2/(-6)). Let o = 19 - d. Let v = 19 + o. What are the prime factors of v?
7
Suppose 3*r = 2*u - 527, 0*r = -2*r + 6. List the prime factors of u.
2, 67
Let j be (-23 - (3 + -1)) + 0. Let q = -21 - j. List the prime factors of q.
2
Let g(s) = -10*s**2 - s + 0*s + 0*s. Let u be g(2). List the prime factors of u/(-9) - (-1)/3.
5
List the prime factors of 4 - (16/(-10) - (-3)/5).
5
Let y(n) = -3*n**2 + 2*n + 2. Let q be y(2). Let c = q - -6. Suppose -3*h + 40 + 5 = c. What are the prime factors of h?
3, 5
Suppose -5*d - 14 = -64. What are the prime factors of d?
2, 5
Let t = -69 - -36. Let y = -22 - t. List the prime factors of y.
11
Let h = 9 - -3. List the prime factors of h.
2, 3
Suppose -2*s + 20 = -4*w, -5*w + 5*s = -7 + 22. What are the prime factors of 200/35 + (-2)/w?
2, 3
Suppose 5*g - 2*q = 50, g = 5*g - q - 40. Suppose -3*f + g = -f. List the prime factors of 3/f*(16 + -1).
3
Suppose 3*k - 163 = -3*m + 194, 5*k - 365 = -3*m. List the prime factors of m.
5, 23
Suppose -3*w - 2*w = 4*h - 187, -w + 207 = 4*h. Suppose 5*k = -4*q + h + 23, 43 = 3*k + 5*q. Let x = 32 - k. List the prime factors of x.
2
Let p be 63/24 - 6/(-16). Suppose -8 = -c + 2*h, -3*h = 3*c - 8*h - 24. What are the prime factors of (-2)/c*(p - 71)?
17
What are the prime factors of (-3)/4 + (-13930)/(-56)?
2, 31
Suppose 0 = -c + 3*c - 16. What are the prime factors of c?
2
Let n(z) = -z + 7. Suppose 35 = 4*c + 3*h, 4*c + 2*h = 6*h. Let p be n(c). Suppose -4*x - 9 = -p*i - 5*x, -2*i = 4*x. List the prime factors of i.
2, 3
Suppose 0*x + 4*n + 411 = 5*x, 407 = 5*x - 3*n. What are the prime factors of x?
79
Let t = -7 + 8. What are the prime factors of 5/(t*(-1)/(-3))?
3, 5
Let d(n) = -3*n - 3*n + 0*n. List the prime factors of d(-3).
2, 3
Let b = 119 - -52. List the prime factors of b.
3, 19
Suppose y = -5*n - 79 - 47, -n - 22 = -3*y. Let z = 49 + n. List the prime factors of z.
2, 3
List the prime factors of (-49)/14*(-228)/21.
2, 19
Let u = -49 - -82. Let m be u/18 + 1/6. List the prime factors of 1/(-2)*-13*m.
13
Let j(z) = z**2 + 6. List the prime factors of j(-5).
31
Let k(t) = t**3 - 5*t**2 - 4*t + 7. What are the prime factors of k(6)?
19
Let y(x) = -x - 2. Let t be y(0). Suppose -2*z + k + 0 = 2, -z + 5*k - 19 = 0. Let n = z - t. List the prime factors of n.
3
Let s = -36 - -114. What are the prime factors of s?
2, 3, 13
Suppose -5*q + 14 = 3*y, 3*q - 4*y = y + 22. Suppose 0 = -3*n + 3*b + 24, -4*n = -b - q*b - 34. What are the prime factors of 10 + (2 - n/2)?
3
List the prime factors of (-106)/((-1)/(-1) - (1 - -2)).
53
Suppose -2*p = -4*d - 8, 10 = -6*p + 2*p - 5*d. Suppose 0 = -2*t - 4, -2*g = -4*g + t + 6. Suppose g*w + 0*w - 12 = p. List the prime factors of w.
2, 3
Let o(c) = -c**2 + 6*c + 4. Let q be o(6). Suppose 30 = q*p - p. What are the prime factors of p?
2, 5
Let w(n) = -n**3 - 8*n**2 + 6*n - 15. List the prime factors of w(-9).
2, 3
Suppose 14 = -5*t + 6*t. What are the prime factors of t?
2, 7
Suppose -4 = b - 2*b. Suppose 5*t = -5, 0*j - 3*t = b*j - 33. List the prime factors of j.
3
Suppose 5*v + 2*j - 104 = 0, -2*v + 0*j = 4*j - 48. Suppose -4*d + 4*g = 8*g, -2*g = -2*d + v. What are the prime factors of d?
5
Let g be 11/3 + 6/(-9). Suppose 100 = g*f + 2*f. Let m = -12 + f. What are the prime factors of m?
2
Let r(b) = b - 8. Let g be r(7). Let n be (-9)/6*g*2. Suppose 0 = 5*k + n*s - s - 40, s - 5 = -k. List the prime factors of k.
2, 5
Let c be (-1 + 1 + 1)/(-1). Let l be (-10)/(-3) + c/3. Suppose -r + 8 = l*r. What are the prime factors of r?
2
Let g = 112 - 80. What are the prime factors of g?
2
Suppose 2*j + 4*z + 5 = z, -5*z + 25 = -5*j. Let y = 17 + j. List the prime factors of y.
13
Let k(j) = 3 - j + j**2 - 5 + 3. What are the prime factors of k(4)?
13
Let m be 75/10*(-2)/(-3). Suppose 4*o - 62 = 2*f, 3*o + 3*f = m*f + 49. What are the prime factors of o?
13
Suppose -3*p - p - 159 = -3*t, -2*p = t - 53. List the prime factors of t.
53
Suppose 0 = x - 6 - 1. Let o = 8 + x. What are the prime factors of o?
3, 5
Let r(z) = 0 - 4*z + 2*z - 2 + 4*z**2. List the pr